27. Calculate the highest common factor of 253 and c.
23
Let r = 25 - -4. Suppose 0 = 3*p - 6, -3*c - 2*p = -7 + 3. Suppose 510 = 2*b - 3*o, b - o - 257 = -c*b. Calculate the highest common factor of b and r.
29
Suppose -8*y = a - 3*y - 62, a - 4*y - 80 = 0. Suppose -p = 2*p - 2*u - 42, 3*p + 3*u = 57. Calculate the greatest common divisor of p and a.
8
Let f(w) = -w**3 - 9*w**2 - 10*w - 9. Let d(b) = -7*b**2 + 1. Let h be d(-1). Let c = -2 + h. Let o be f(c). Calculate the highest common divisor of 21 and o.
7
Let s(d) be the first derivative of -3*d**2 - 3 + 2/3*d**3 + 4*d. Let f be s(4). What is the highest common factor of f and 12?
12
Let g be (-3)/2*(-128)/12. Suppose 0 = -5*o + 2*o + 12. Suppose 0 = t - 5*w + 3*w + o, 3*t = -5*w + 32. What is the greatest common factor of g and t?
4
Let z be (27/(-6))/(342/(-1064)). Suppose -5*b = -2*a + 75, 0 = -a + 3*a - 2*b - 72. Calculate the highest common factor of a and z.
7
Let o = -823 + 839. Calculate the greatest common divisor of o and 18.
2
Let k(r) be the third derivative of r**5/4 - r**4/12 + r**3/6 - r**2. Let u = -233 - -234. Let v be k(u). Calculate the highest common factor of 56 and v.
14
Suppose -2*v + 755 = -3*p, 380 = v + 29*p - 30*p. What is the highest common divisor of 105 and v?
35
Suppose -3*x = 7 - 1. Let b(q) = -6*q**2 - 3*q. Let u be b(x). Let k be 2/12 - 213/u. Calculate the highest common divisor of k and 84.
12
Suppose -2*f - 43 + 59 = 0. Calculate the highest common factor of 24 and f.
8
Suppose -1213*o = -1208*o - 1950. Calculate the greatest common divisor of 1690 and o.
130
Suppose 19 = 4*q - 25. Suppose -3*b - 5*d = -11, 3*b + 3*d + 2 - 5 = 0. Let g(k) = k**2 - k - 1. Let r be g(b). Calculate the highest common factor of q and r.
11
Let f(g) = -84*g + 203. Let p be f(-4). What is the greatest common factor of 11 and p?
11
Let c(r) = 2*r**2 - 160*r + 487. Let s be c(3). Suppose -104 + 479 = 3*b. What is the highest common factor of b and s?
25
Let q(t) = 6*t**2 - 2*t - 1. Let x be q(2). Let a(n) = 89*n - 7. Let y be a(2). What is the greatest common factor of x and y?
19
Let w = 370 + -350. Let a = 79 - 19. What is the greatest common factor of w and a?
20
Suppose 31*h + 469 = 2298. What is the highest common factor of h and 1?
1
Let b(m) = 194*m**2 + 18*m - 6. Let l be b(2). What is the highest common factor of 186 and l?
62
Let w(f) = f**3 + 32*f**2 - 97*f + 310. Let k be w(-35). Suppose -5*v - 13 = -88. What is the highest common divisor of k and v?
15
Suppose -11*l + 12*l = 975. What is the greatest common factor of 39 and l?
39
Let s = -20 - -20. Suppose s = 2*w + w + 3, -3*v + 35 = -5*w. What is the greatest common divisor of v and 1?
1
Let o(j) = -13*j + 1. Let h be o(-1). Let q(n) = -n**2 - 7*n - 12. Let p be q(-7). Let y be (-340)/p - 2/6. What is the highest common factor of y and h?
14
Let g(r) = -13*r. Let x(n) = -n**2 - n. Let v be x(2). Let c be g(v). What is the greatest common divisor of 6 and c?
6
Let i be (49/2)/(2/16). Suppose 2*l + 2*u - 108 = 16, i = 3*l - 2*u. Suppose -2*g - 4 + 36 = 0. What is the highest common factor of g and l?
16
Let l be 2 + -4 + (-3 - -309). Calculate the highest common factor of l and 38.
38
Let n be (-1 + -2)*(3 + 170/(-15)). Suppose -11 - 124 = -9*w. What is the greatest common factor of n and w?
5
Suppose -4*q + q = 0. Suppose s - 297 = -q*s. Suppose s = 4*h - 4*o + o, -4*h + 300 = -4*o. What is the greatest common divisor of 8 and h?
8
Let p be 3/1 - (-4*63 + 8). Calculate the greatest common factor of p and 95.
19
Suppose 0 = 3*m - 6, -3*b - m + 1183 = -2*m. What is the highest common divisor of b and 79?
79
Suppose 0 = 4*l - 16, -r - 2*l + 53 = -40. Suppose -7*n = -94 - 144. Calculate the highest common divisor of r and n.
17
Let z(p) = -22*p + 143. Let a be z(0). What is the highest common factor of 13 and a?
13
Let n be (-1 + -141)/(2 + -4). Suppose n = 4*q - 1. Suppose -2*b + 36 = 12. Calculate the highest common factor of q and b.
6
Suppose 25*r = 5*r + 520. What is the highest common divisor of r and 1222?
26
Suppose 0 = 2*x - 3*h - 84, -h = -4*x + 52 + 96. Let q = -16 + x. Suppose 5*z = 3*r - 101 - 9, -5*z = -r + q. What is the greatest common factor of 18 and r?
9
Let t be (-8)/(-12) - 1*134/(-6). What is the greatest common factor of t and 391?
23
Let g be (-3 - 129)/(-1*2). What is the greatest common factor of g and 6?
6
Let j = 2964 - 2907. Suppose 6*w - w - 310 = 0. Suppose 5*d + 24 = 2*n - w, -d - 78 = -2*n. Calculate the highest common factor of n and j.
19
Let x = -88 + 163. Suppose -y + 13 = -2*k, 4*k + 41 = 5*y + 6. Let a(v) = 2*v**2 + 8*v + 40. Let o be a(k). What is the highest common factor of x and o?
25
Let h(n) = -208*n**3 + n + 2. Let z be h(-1). Calculate the highest common divisor of 19 and z.
19
Let i be ((-2)/(-5))/((-128)/(-19200)). Calculate the greatest common factor of 255 and i.
15
Let z(j) = -6*j - 1. Let w be z(-4). Suppose 35 = i - 150. Let c = 22 + i. Calculate the highest common factor of w and c.
23
Suppose 8*b - 72 = 4*b. Let a be 0 - (3 + 2 + -16). Let r = b - a. What is the highest common divisor of r and 7?
7
Let k be (0 + (-20)/(-15))/((-2)/(-36)). What is the greatest common divisor of 24 and k?
24
Let k = -22 - -2. Let b = k + 39. Suppose -41 - 35 = -4*v. What is the highest common divisor of b and v?
19
Let q = 350 + 130. Suppose 139 + 5 = 3*l. What is the highest common divisor of l and q?
48
Let u be 2/(-5) - 36/(-90). Suppose u = -h + 65 - 1. Calculate the greatest common divisor of h and 8.
8
Let n be 12/54 + 2*12571/18. What is the greatest common divisor of 11 and n?
11
Let u(o) = o**3 + 2*o**2 - 9*o + 1. Let a be u(3). What is the highest common factor of a and 589?
19
Suppose -14*p = -9*p + 5*t - 515, 5*p = t + 545. What is the highest common factor of 180 and p?
36
Let v = -7 - -11. Suppose v*t - 40 = 368. Let f(m) = -4*m**3 - 7*m**2 - 6*m + 1. Let h be f(-2). What is the greatest common factor of h and t?
17
Let w = 172 - 98. Suppose w = -2*m + 7*m + 3*r, 4*m - 67 = -5*r. Calculate the highest common divisor of m and 130.
13
Suppose -2*t + 102 = 5*h, t = -7 + 3. Calculate the greatest common factor of h and 88.
22
Suppose -5*s = -2*s. Suppose 588 = 4*w - 9*i + 4*i, -5*i = s. Let h = 38 - 17. Calculate the greatest common divisor of w and h.
21
Suppose -6*p = -7*p + 8. Let g(s) = s**3 + 2*s**2 - s + 80. Let c(a) = -4*a + 24. Let k be c(6). Let y be g(k). What is the greatest common factor of y and p?
8
Let d = -620 - -642. Calculate the greatest common divisor of d and 451.
11
Let z(w) be the third derivative of 5*w**4/24 - 4*w**3/3 + 4*w**2. Let o be z(4). What is the highest common divisor of 24 and o?
12
Let i be (-2837)/(-15) + 10/600*-8. What is the greatest common divisor of i and 315?
63
Suppose -4*t = 242 - 2010. Suppose -h - 2*h = 5*g - 687, 2*h = 2*g + t. What is the greatest common divisor of 28 and h?
28
Let j be 164/14 + (-2)/(-7). Suppose -3*l - 5 + 1 = 2*a, l = a - 8. Suppose 0 = d + a*m - 40, -3*m = 2*m - 20. Calculate the highest common divisor of j and d.
12
Let o be 154/2 + (161 - 173). Calculate the highest common divisor of o and 195.
65
Let x be 2 - 1 - (4 + -5). Suppose -x*y = -6*y + 44. Let v be (y/(-4))/((-3)/60). What is the highest common divisor of v and 5?
5
Suppose 0 = -z - 4*z + 20. Suppose -5*b + f + 21 + 46 = 0, 0 = 5*b - z*f - 58. Suppose 31*x - 56 = 30*x. Calculate the greatest common factor of b and x.
14
Let m = 8 + -2. Let g(s) = -2*s + 30. Let d be g(12). Let b be 10/d + 10/30. Calculate the greatest common factor of b and m.
2
Let x(a) = 4 - 3 + 2*a**2 - 4 + 0*a**2 + 5*a. Let r be x(-5). Suppose -2*j + 306 = -l - 91, -4*l = -2*j + 400. Calculate the greatest common factor of r and j.
22
Let q = -78 + 162. What is the highest common divisor of 30 and q?
6
Let y(x) = 50*x - 142. Let j be y(9). Calculate the greatest common divisor of j and 132.
44
Suppose 3*a + a - 192 = 0. Suppose 4*i + 3*m - 561 = 0, -2*m - 549 = -4*i - m. Let o = i - a. What is the greatest common divisor of 18 and o?
18
Let a be 17*-2 - (-2)/(-1). Let u be (a/(-5))/((-6)/(-45)). Let d(f) = -142*f + 290. Let i be d(2). Calculate the greatest common factor of i and u.
6
Let c = -3 - -12. Let i be (3 + (-7 - -3))*-1. Suppose -a + i = -c. Calculate t